t is 11 - (3 - (16 + -13)) - (-7 - -2)?
16
-14 + (-30 - (-13 + -10))
-21
What is the value of 44 - (-22 + 7 + (29 - 0))?
30
What is the value of -4 + -18 + (46 - 26)?
-2
Evaluate 7 + (-26 - -10) + 5.
-4
Calculate -12 + 28 + -33 + (-4 - -8).
-13
(4 - -31) + -21 + 3
17
What is 5 + -2 - -2 - (12 + (-27 - -15))?
5
3 - -1 - (-547 - -554)
-3
-12 + (-13 + -2 - -10)
-17
What is the value of -3 - -4 - -3 - (-7 + 5)?
6
What is 17 + -12 + -8 + -12?
-15
What is 14 - (18 - (-6 - -7))?
-3
16 + -6 + 1 - (74 - 83)
20
Calculate (-1 - -6) + (-6 - -9 - (2 - 4)).
10
Evaluate (-9 - 16 - -27) + 12.
14
What is -25 + 44 + -30 + -5?
-16
1 + -22 - (-209 + 200)
-12
What is -56 - -1 - (-32 + 1)?
-24
78 + -79 + 15 + -1
13
What is the value of (-7 - ((-9 - (-8 + 6)) + 4)) + 11?
7
What is 5 - (-6 + 5 + 13)?
-7
What is the value of -8 + (23 - 31) + 4 + 34?
22
Evaluate (9 - 14) + 11 - (5 - 2).
3
Calculate -7 - (-22 - (-33 - -37)).
19
Evaluate -31 + 30 + (12 - 0).
11
Calculate (-4 - -1 - 0) + -113 + 113.
-3
Evaluate (-1 - -1) + -7 + 9 + 7 + -6.
3
What is the value of 9 + 1 + -2 + (2 - -3) + 1?
14
Calculate 11 - 4 - (6 - 7 - -6 - 6).
8
What is 8 + 36 - 23 - 43?
-22
What is the value of 15 - (8 + -6 + 6 + -1 + -1)?
9
Calculate (-6 + 0 + 2 - -3) + 1 + 11.
11
Evaluate -2 - (-13 - -25) - -17.
3
19 + 13 + (7 - (26 - 3))
16
Evaluate 2 + -20 + 23 + (2 - (5 - 2)).
4
Calculate -11 + (-17 - (-4 - 6)) + 5.
-13
Calculate (22 - 31) + 36 + -13.
14
What is 0 + 11 - (657 + -641)?
-5
What is (-56 - (-48 + 2)) + 1 + (11 - -1)?
3
(1 - 0) + 6 - (-38 - -46)
-1
What is the value of -13 + 4 + (5 + 0 - (1 - -5))?
-10
Calculate (59 - 67 - (-2 - 28)) + (-2 - 0).
20
(77 - 78) + -3 + (2 - 3) + 21
16
What is (1 - 1) + (-28 - (-54 + 18))?
8
Evaluate (-4 + 0 - (-12 + 5)) + 11.
14
Calculate -8 - (-10 - -8) - (1 + -3).
-4
What is -11 + 29 + (43 - 45)?
16
2396 + -2387 + (-1 - (0 - 1) - 9)
0
Evaluate -15 + (4 - (-7 - -2)) - -9.
3
What is the value of 4 - 8 - (-18 - 5 - -12)?
7
What is -17 + (7 - 12 - -11 - (-2 + 3))?
-12
Calculate -19 - (-2 + -4) - -13.
0
What is the value of 8 + -23 + -4 - (1 - 3)?
-17
Evaluate (-7 - -9) + -4 + (-5 + 6 - -3).
2
-20 - (45 + -46 + (-1 - 1)) - 2
-19
What is the value of -39 - 0 - (17 - (-11 - -25) - 11)?
-31
Evaluate 14 + -3 + -4 + -1 + 4 + 2.
12
What is the value of -25 + 12 + 4 + 23 + 1?
15
Calculate -4 + 4 - 4 - (-16 + (13 - -4)).
-5
What is the value of -31 + (16 - 23) + 14?
-24
-1 - (1 - 5 - ((-11 - 5) + 1))
-12
What is -7 + 5 - (2 - 16)?
12
Evaluate -4 + (16 - 23) + -10 + 14.
-7
Evaluate -10 - 3 - (0 - -2) - -1.
-14
Calculate 165 + -166 - (12 - (0 + 1)).
-12
Evaluate (-5 - -2) + (9 - -16 - 27).
-5
What is -20 + 44 - (3 + (-2 - -5) + 1)?
17
35 + -23 + -19 - (-3 - (18 - -5))
19
What is the value of 4 + (20 - (13 + 2))?
9
Evaluate (5 - -31 - 11) + -8 + (1 - 2).
16
What is 8 + (-8 - (2 - -13))?
-15
14 - (1 + -11 - (137 + -140))
21
What is the value of 7 - (24 + -10 + -6) - 4?
-5
102 + -109 + -1 + 44
36
What is the value of -15 - (-9 + (-10 + -1 - (-170 + 143)))?
-22
Evaluate (14 - 24 - -9) + -3.
-4
Calculate (-4 + -3 - -1) + 3 - (-2 + 2).
-3
What is -70 + 63 - (-19 - -1)?
11
103 + -115 - (-10 + -1) - -7
6
What is the value of 41 + -25 + -4 + 0?
12
What is -11 + -6 + 4 + 10 - (-4 - -3)?
-2
11 - (-4 + 4 + 3 - (0 - 3))
5
Calculate 3 + 1 + 2 + (16 - (10 + 2)).
10
What is the value of 18 + 0 - 11 - 17?
-10
-9 - 0 - ((-19 - 7) + -10 + 20)
7
Evaluate 27 - (17 - 35 - -24).
21
Calculate -4 + 1 - (79 - (39 - -59)).
16
Calculate -743 + 737 + -5 + 1 + (3 - 2).
-9
What is the value of -8 + 11 + -7 + 4 + -15?
-15
Calculate 27 + (-28 - 3) + 20.
16
What is the value of (4 - 18 - -9) + 10?
5
Evaluate 0 + -6 + -5 + 29 + -8.
10
Evaluate 1 + -3 + -8 - (-6 + (8 - 4)).
-8
What is the value of (0 - 24) + (-15 - (0 + -6)) + 8?
-25
Calculate (-11 - (-2 - 1)) + (-12 - -9) - 7.
-18
What is the value of -4 + (11 - -3) + -44 + 36?
2
(-2 - 0) + 1 + -8 + (2 - 5)
-12
What is the value of 28 + (-6 + -5 - -7)?
24
What is 10 + -1 - (15 - (24 + -3))?
15
20 - 3 - (23 - 12 - 5)
11
Evaluate 7 + 2 + -13 + (8 - -10).
14
-13 - (-7 + 19 + (7 - 16))
-16
What is the value of -16 - (13 + -1 + -16) - 14?
-26
Calculate 26 - (4 - 6 - -17).
11
-23 + 16 - 14 - -22
1
What is (45 + -45 - (-14 + 1)) + 1 + 4?
18
What is the value of (-4 + -5 + 2 - -1 - -9) + 8?
11
Evaluate (6 - 1) + (-29 - -17) - 1.
-8
Evaluate -2 + 3 + 9 - (-95 - -109).
-4
What is -27 + 7 + 2 - (-3 + 3 + -1)?
-17
Calculate (-1 - -4) + -8 + -3 + 17.
9
What is 7 + 13 + -27 - -11?
4
-1 - (-2 - -2 - 8) - (164 - 154)
-3
What is the value of (7 - (-2 + 3)) + (-75 - -84)?
15
Evaluate -12 + -62 - -74 - (-26 + -1).
27
What is the value of 60 + -52 + -6 + -1 + 3?
4
Evaluate -14 - (5 + 12 - 12 - -2).
-21
What is the value of (-73 - (-10 - 3)) + 34?
-26
What is the value of 22 + -9 + -10 + -11?
-8
Calculate 40 + (4 - 27) + -32.
-15
Evaluate -1 + (-25 - -8) - (-42 - 15).
39
Evaluate -1 + (1 - (3 - 1)) - (-382 + 377).
3
What is 6 - ((-2 - 4) + 14)?
-2
Evaluate -10 + 17 - 5 - (5 + 3).
-6
Evaluate 8 + (-8 - (-6 - -14)) + (0 - 0).
-8
(7 - 1) + (-163 - -155)
-2
Evaluate -18 - ((-6 - -6) + (0 - 6) + -3).
-9
What is (2 - (2 + 18)) + (22 - (25 - 5))?
-16
Evaluate 10 + (-10 - (-16 - -9)).
7
Calculate 4 - (-6 - (-3 - (1 - -2) - -2)).
6
Evaluate -8 + (-7 - -23) + 0.
8
4 + 2 + -3 + (-4 - -7)
6
What is 11 + 3 - (-1 - (-8 - (-1 + -4)))?
12
-8 + (-5 - (-13 - -2))
-2
What is the value of -9 + (12 - 8) + 14?
9
-22 - (22 + -5 + -22)
-17
What is -5 - (-2 + -4 + (3 - 0))?
-2
What is -3 + -1 - (-13 - (-24 + 6))?
-9
What is the value of -31 + (-2 - 4) + -3 + 13 + -3?
-30
What is the value of 1 - (21 - (26 + -7))?
-1
Evaluate -12 - (4 + (-9 - -1)) - 0.
-8
(-11 - (-2 - 3)) + (-40 - -27) + -19
-38
What is 0 + -9 - (-2 + (9 - -8) - -1)?
-25
What is (-54 - -23) + (13 - -13)?
-5
-8 + -1 + (-6 - -2) + (5 - 0)
-8
(-12 - 2) + 73 + -58
1
Evaluate -31 + 50 - (3 + 2 - 2).
16
Calculate -5 - (-7 + 1 - (5 - -2)).
8
What is -15 + (2 - 0) - (45 + -55)?
-3
What is -7 - -3 - (-6 + (-1 - -1 - -3))?
-1
Evaluate 8 + (-6 + -1 - (15 + -21)).
7
Calculate 22 - (-63 - -42) - 69.
-26
Calculate -5 - 6 - (-12 - 7).
8
Evaluate 43 - 41 - (-14 - -1) - -3.
18
Evaluate (-16 - (-5 - 25)) + -2.
12
8 + -4 + -4 + 23 + -8
15
-9 - 5 - (-26 + 15)
-3
Evaluate (1 - 40 - (28 - 23)) + -9 + 17.
-36
Evaluate (-5 - -5) + (5 - 1) + -11.
-7
What is (-5 - -8) + 3 + 0 + -9 + 12?
9
Evaluate 10 + -20 - -36 - -13.
39
Evaluate -1 - ((0 - -1) + 0) - (4 - 3).
-3
What is the value of 24 + -11 + -11 - 7?
-5
Calculate 1 + 3 - (-3 + 31 - (27 - 29)).
-26
-7 + (54 - 65) + (32 - 1)
13
What is 14 + (18 - 0) + (94 - 152)?
-26
What is the value of 1 - -8 - 3 - 15 - -22?
13
-92 - -12 - -48 - -19
-13
-2 - (2 + -12 + 11 + -1)
-2
Calculate (16 + -8 - 13) + 12.
7
What is the value of 24 + (8 - ((2 - 4) + -3 + 16))?
21
What is 2 + -10 + 13 + -11 - -2 - 25?
-29
What is -1 - -4 - (6 + -8 - 1)?
6
What is the value of (2 - 4) + -10 - (219 + -229)?
-2
12 - (14 + (-50 - -29))
19
12 - ((1 - 3) + 4 + -4)
14
What is 44 + (-5 - (10 - 18)) + -9?
38
Calculate (38 - (-22 + 38)) + -25.
-3
Evaluate 2 - (-2 - 1) - -10.
15
What is the value of -17 - (23 - 64) - 35?
-11
What is 0 - ((75 - 68) + (-28 - -1))?
20
0 + (19 - (10 - (8 + -2))) - 6
9
Calculate 11 - (11 + -8 - 1) - 6.
3
Calculate (0 - -1) + -3 + (13 - -6) + -5.
12
What is (-1 - -3) + (8 - (-1 - -1))?
10
What is the value of -38 + (10 - (15 + -21))?
-22
Evaluate 2 + 1 - (3 + 1 + -3 + 8).
-6
What is the value of (11 - 9) + -1 + -3 + (-2 - -5)?
1
What is 1 + -11 + (-39 - -46) - 6?
-9
Calculate (-9 - (-9 + -4 + 4)) + (-14 - -2).
-12
Calculate 4 + (4 + (-9 - -6) + -1 - -7).
11
Evaluate -152 + 151 + -2 + -13.
-16
-3 - (19 - (9 + -1 + -6))
-20
Calculate -12 + (0 - 14) - (-1 + (-1 - 1)).
-23
What is 99 + -106 + 8 + (-1 - 1) - 3?
-4
Calculate 6 + (-30 - (23 + -7 + -28)).
-12
What is the value of (-14 - -1) + 16 + -9 - (-3 - 28)?
25
Evaluate 6 - ((12 - 0) + -9 + -1).
4
Calculate 4 - (-27 + 1) - (3 - 2 - -4).
25
What is (-26 - 0 - -8) + 10 - -6?
-2
(13 - 21) + 25 + -33
-16
Calculate 7 + -6 + 0 + 7 + 5.
13
-11 + (-4 - (-12 - -1)) + (0 - 5)
-9
Calculate -9 + 7 + 1 + (153 - 165).
-13
Calculate -47 + 50 - ((6 - 10) + -22 + -2).
31
What is the value of -8 - 1 - (0 + -44 + 22)?
13
Evaluate -48 + (311 + -312 - (0 - -3 - 14)).
-38
Calculate -7 + 